common factor of 162 and 2943?
27
Calculate the greatest common divisor of 65488 and 48.
16
What is the highest common divisor of 24375 and 4625?
125
Calculate the greatest common factor of 7719 and 3486.
249
What is the greatest common factor of 246 and 2136?
6
What is the highest common factor of 548154 and 432?
54
Calculate the greatest common divisor of 385 and 8995.
35
What is the greatest common factor of 1800 and 288?
72
Calculate the highest common divisor of 92918 and 294.
14
What is the greatest common divisor of 56233 and 35013?
1061
Calculate the highest common factor of 67192 and 42032.
296
What is the highest common divisor of 37734 and 8550?
114
Calculate the greatest common divisor of 728540 and 292.
292
Calculate the greatest common factor of 2406464 and 8512.
1216
Calculate the greatest common divisor of 85338 and 2574.
198
What is the highest common divisor of 3024 and 336?
336
Calculate the greatest common factor of 5977 and 81037.
139
Calculate the highest common divisor of 1989 and 153.
153
What is the highest common divisor of 47950 and 1400?
350
Calculate the highest common factor of 125 and 87625.
125
Calculate the greatest common divisor of 6663519 and 846.
423
Calculate the greatest common factor of 274962 and 18.
6
Calculate the highest common factor of 181 and 29684.
181
Calculate the highest common divisor of 23 and 122659.
23
What is the greatest common factor of 24 and 10833576?
24
Calculate the greatest common divisor of 21793 and 190.
19
What is the highest common factor of 98691 and 402?
201
Calculate the greatest common factor of 1371024 and 144.
144
What is the greatest common divisor of 8652 and 53004?
84
Calculate the greatest common divisor of 12160 and 7220.
380
What is the greatest common divisor of 1764 and 2316?
12
What is the greatest common factor of 375 and 442625?
125
Calculate the greatest common factor of 21 and 789.
3
What is the highest common factor of 21051 and 15?
3
Calculate the highest common factor of 12150 and 8262.
486
Calculate the highest common factor of 36 and 151212.
12
What is the highest common divisor of 113578 and 545?
109
Calculate the greatest common factor of 169022 and 63.
7
Calculate the highest common factor of 148055 and 5.
5
What is the greatest common factor of 7768 and 512?
8
What is the greatest common factor of 135115 and 305?
305
Calculate the greatest common divisor of 23 and 3988798.
23
What is the highest common factor of 1272 and 3408?
24
Calculate the highest common divisor of 2240024 and 380.
76
Calculate the greatest common divisor of 196973 and 133.
133
What is the highest common divisor of 232529 and 22?
11
What is the highest common factor of 3196117 and 677?
677
Calculate the highest common divisor of 1716 and 6402.
66
What is the highest common divisor of 34 and 57953?
17
What is the highest common divisor of 25359 and 632?
79
Calculate the highest common factor of 574788 and 2736.
228
Calculate the greatest common factor of 68 and 1600176.
68
What is the highest common divisor of 4401 and 37001?
163
Calculate the highest common factor of 4394 and 6929.
169
What is the highest common divisor of 18873 and 6399?
81
Calculate the highest common divisor of 151367 and 407.
37
Calculate the highest common factor of 21 and 1472219.
7
What is the highest common divisor of 45 and 3384?
9
What is the greatest common factor of 246230 and 40?
10
What is the greatest common factor of 71550 and 4346?
106
Calculate the greatest common divisor of 4480 and 2380.
140
What is the highest common divisor of 3471 and 22517?
89
What is the highest common divisor of 324 and 3756?
12
What is the highest common factor of 1512 and 18368?
56
What is the greatest common factor of 2041 and 1612?
13
Calculate the greatest common divisor of 121920 and 10.
10
Calculate the highest common factor of 1197981 and 18.
9
What is the greatest common divisor of 153283 and 91?
13
Calculate the highest common factor of 9933 and 258.
129
Calculate the highest common divisor of 370071 and 13.
13
Calculate the highest common divisor of 96421 and 13.
13
Calculate the highest common factor of 47364 and 684.
12
Calculate the highest common factor of 51 and 17561.
17
What is the highest common factor of 1068 and 1180407?
267
What is the greatest common divisor of 5181 and 363?
33
Calculate the greatest common divisor of 30636 and 4218.
222
Calculate the highest common factor of 999 and 233433.
333
What is the highest common divisor of 21195 and 405?
135
Calculate the highest common divisor of 250 and 1082625.
125
Calculate the greatest common divisor of 1144631 and 158.
79
What is the greatest common factor of 20490 and 1200?
30
What is the greatest common divisor of 357950 and 50?
50
What is the highest common divisor of 86073 and 78?
39
Calculate the highest common factor of 6870 and 592194.
1374
Calculate the greatest common divisor of 188 and 587500.
188
What is the highest common divisor of 45 and 118002?
3
What is the highest common divisor of 101926 and 82?
82
What is the highest common factor of 82 and 574369?
41
What is the greatest common divisor of 42 and 238?
14
Calculate the greatest common factor of 4681 and 31.
31
What is the greatest common factor of 33 and 2409?
33
What is the greatest common divisor of 148960 and 41344?
608
Calculate the greatest common factor of 49257 and 312.
39
What is the highest common divisor of 17152 and 512?
256
What is the highest common factor of 2814 and 154630?
14
What is the greatest common divisor of 713033 and 393?
131
What is the highest common factor of 3330 and 648?
18
Calculate the greatest common divisor of 212412 and 12.
12
Calculate the highest common divisor of 6000 and 480.
240
What is the highest common factor of 5952 and 4278?
186
Calculate the highest common divisor of 4077 and 19630.
151
Calculate the highest common factor of 1113297 and 12.
3
What is the highest common factor of 1614 and 2334?
6
Calculate the highest common divisor of 18 and 417702.
6
What is the greatest common divisor of 1843 and 608?
19
Calculate the greatest common factor of 7 and 142331.
7
Calculate the greatest common factor of 345 and 1335.
15
Calculate the greatest common factor of 191289 and 126.
21
Calculate the greatest common factor of 2970929 and 221.
13
What is the greatest common factor of 175 and 156425?
25
What is the greatest common divisor of 523873 and 469?
469
Calculate the greatest common factor of 414 and 499974.
138
What is the highest common divisor of 17 and 70601?
17
Calculate the greatest common factor of 162 and 2455029.
81
Calculate the greatest common divisor of 174831 and 303.
303
What is the highest common factor of 24 and 6330?
6
What is the greatest common divisor of 16 and 335568?
16
What is the highest common divisor of 78 and 1828671?
39
What is the greatest common factor of 5235 and 5160?
15
What is the greatest common divisor of 163863 and 81?
81
What is the greatest common factor of 102368 and 23744?
224
Calculate the highest common factor of 3028 and 118849.
757
Calculate the greatest common factor of 1820 and 5149690.
910
What is the highest common factor of 13 and 596219?
13
What is the highest common factor of 230 and 309695?
115
Calculate the greatest common factor of 723476 and 52.
52
What is the highest common divisor of 42253 and 58?
29
Calculate the highest common divisor of 388 and 399543.
97
What is the greatest common divisor of 5 and 261595?
5
Calculate the highest common divisor of 1256 and 1752120.
1256
What is the greatest common divisor of 675090 and 31590?
1170
Calculate the greatest common divisor of 19040 and 10220.
140
Calculate the greatest common factor of 2036249 and 19.
19
Calculate the highest common divisor of 114398 and 2914.
94
Calculate the highest common divisor of 809 and 16.
1
What is the highest common factor of 515834 and 22?
22
What is the highest common factor of 4 and 18052?
4
What is the highest common divisor of 2176 and 6800?
272
Calculate the highest common factor of 47499 and 639.
213
Calculate the greatest common factor of 20100 and 132861.
201
Calculate the greatest common divisor of 104404 and 3698.
86
Calculate the greatest common divisor of 49392 and 37828.
196
What is the highe